-3 - -2). Suppose -5*f - i = o*i - 5, -2*f + 13 = -i. Suppose -15 = -f*x + 25. Calculate the remainder when 29 is divided by x.
9
Let t(d) = -d**2 + 6*d - 1. Let y be t(5). Suppose 0 = 5*b - 2*h - 64, 0*h - 52 = -5*b - y*h. What is the remainder when 46 is divided by b?
10
Let x = 5 - 0. Suppose 5*a + 3 = 2*g, 6*a - 4*a + 7 = -x*g. Let j = a + 5. Calculate the remainder when j is divided by 3.
1
Suppose -r - 3 = -12. Suppose 2*u - 7 = g, 4*u + 0 = -3*g + r. Calculate the remainder when 8 is divided by u.
2
Let o(l) = -8*l + 7. Let j(i) = -i**3 + 5*i**2 + 3*i + 4. Calculate the remainder when o(-6) is divided by j(5).
17
Let o = 87 + -79. Let c = -1 + 1. Suppose 3*p - 62 = 4*b, 2*p + 3*b - 13 + c = 0. Calculate the remainder when p is divided by o.
6
Let n = 5 - 5. Suppose -5*z + 0*z - 30 = n. Calculate the remainder when 37 is divided by 11 - (z/1)/3.
11
Let p be 2/(-4)*40/4. Calculate the remainder when p/20 + 57/4 is divided by 8.
6
What is the remainder when (-10)/(-4)*-6*214/(-30) is divided by 36?
35
Let s(g) = -g**3 + g + 11. Let o be s(0). Suppose 3*z - 11 = -2*r + 7, -z = r - o. What is the remainder when r is divided by 8?
7
Let j = 28 - 16. Let g be 1/((-2)/4) + 65. Let q = g + -29. Calculate the remainder when q is divided by j.
10
Suppose -1 = 3*m - 13. Calculate the remainder when (3/m)/(2/8) is divided by 3.
0
Suppose -2*r = -5*j + 60, 10 = -r - r. What is the remainder when 28 is divided by j?
8
Let g(i) = i**3 + 9*i**2 - 13*i - 22. Let u = -32 - -22. What is the remainder when 31 is divided by g(u)?
7
Suppose -2 + 36 = 3*k + 4*j, -3*k + 46 = -2*j. What is the remainder when 41 is divided by k?
13
Let m(i) = -24*i - 16. What is the remainder when m(-2) is divided by 11?
10
Suppose 0 = -2*i + 4 + 10. Suppose -3*w + 6*q = 4*q - 68, 4*q - 20 = 0. What is the remainder when w is divided by i?
5
Suppose 5*o + 2*t = 70, 3*t + 74 = 4*o + t. What is the remainder when 46 is divided by o?
14
Let x(d) = d**2 + 8*d + 6. Let v be x(-7). Let s = v + 2. Calculate the remainder when 2 is divided by s.
0
Let p = 266 - 157. What is the remainder when p is divided by 55?
54
Let w(v) = -136*v**2 - v. Let f be w(-1). Let a = 203 + f. Suppose -3*x + x = -a. What is the remainder when x is divided by 12?
10
Let r = 74 - 8. Suppose r - 454 = -4*q. What is the remainder when q is divided by 25?
22
Let s = 2 + -5. Let y be 0/(-2*s/(-6)). Calculate the remainder when (-2 + 1 + y)*-42 is divided by 22.
20
Let j = 29 + -7. What is the remainder when j is divided by 8?
6
Calculate the remainder when 59 is divided by (-3)/((-6)/40) + 3.
13
Let k be (-1 + (-2)/(-1))/1. Let h be (-2)/(-4)*(k - -9). Suppose 0*z - x = 2*z - 82, 192 = h*z - 4*x. Calculate the remainder when z is divided by 14.
12
Let d(i) = i**2 - 3*i - 1. Calculate the remainder when d(-10) is divided by 26.
25
Let z = -1 + 1. Suppose h + 0 - 12 = z. Suppose a + 40 = 2*k + 2*a, 0 = 5*k + 2*a - 102. Calculate the remainder when k is divided by h.
10
Suppose z + 5*s - 12 = -0*z, -3 = -z + 4*s. Calculate the remainder when 13 is divided by z.
6
Suppose -9 = 2*p - 3*p. Let y = 13 - p. Calculate the remainder when 10 is divided by y.
2
Let f = -161 + 168. What is the remainder when 26 is divided by f?
5
Let m(b) = 5*b + 5. Let u(z) = -1. Let p(v) = m(v) + 4*u(v). Calculate the remainder when p(1) is divided by 3.
0
Let k = -4 - -25. Calculate the remainder when 39 is divided by k.
18
Calculate the remainder when (-30 - 3)*4/(-6) - 4 is divided by 5.
3
Suppose 45 = -4*v + 17. Let k = v + 30. Calculate the remainder when 90 is divided by k.
21
Suppose -3*a + 1 = -8. Suppose 0 = -w - a*w + 32. What is the remainder when 12 is divided by w?
4
Suppose -252 = -y - 3*y - 4*v, -318 = -5*y - 2*v. What is the remainder when y is divided by 17?
13
Let j(u) = 2*u + 7. What is the remainder when 38 is divided by j(3)?
12
Let v = 137 - 60. Calculate the remainder when v is divided by 16.
13
Let q(j) = j**2 - 2*j + 3. Let t be q(4). Let c = t - -1. Calculate the remainder when 34 is divided by c.
10
Let h(g) = 3*g + 12. What is the remainder when h(19) is divided by 37?
32
Let f(u) = -u + 3. Let d be (0 + -1)*1 - -25. Suppose h + 11 = d. What is the remainder when h is divided by f(-4)?
6
What is the remainder when 69 is divided by (-2 + 0 + 4)/(5/20)?
5
Let a(b) = -4*b - 4 + 2 + 2*b**2 - b**2 - 2. Calculate the remainder when 29 is divided by a(6).
5
What is the remainder when 2/4 + 25/2 is divided by 1 - (2/4 + 15/(-2))?
5
Let f = 4 + 1. Suppose 3*x - 109 = -r + 5*r, -f*x - 3*r = -230. Calculate the remainder when x is divided by 11.
10
Let c = -11 + 13. Suppose 6*p - c*p - 72 = 0. Calculate the remainder when 51 is divided by p.
15
Let u(r) = 2*r**2 + 2*r + 7. Let j(z) = z**2 + 4*z - 2. Suppose 8 + 1 = -3*b. Let c be j(b). Calculate the remainder when u(c) is divided by 12.
11
What is the remainder when 3 + 53 + 4 + -3 is divided by 30?
27
Let q(y) = 1. Let g(i) = 11*i + 2. Let n(c) = -g(c) + q(c). What is the remainder when 37 is divided by n(-1)?
7
Suppose -2*m + 280 = 4*d, 5*d = d - 5*m + 280. Suppose 0 = -3*k - 5*w - 144, -2*k + w - d = 13. What is the remainder when -2 + (0 - (k + -3)) is divided by 15?
14
Let z be (0 - -2)/(2/(-5)). What is the remainder when 11 is divided by (z - -2 - -9)/1?
5
Suppose 0*u + 68 = 2*u. Calculate the remainder when u is divided by 13.
8
Suppose -25 = -k - 2. Suppose 0 = 5*o + x - 20, -3*x = -5*o + 2*o + 12. Suppose 54 = o*w + 6. Calculate the remainder when k is divided by w.
11
Let v(k) = 5*k + 4. Let b be v(3). Suppose 0 = -3*g - 0*g + 9. Let o = b - g. What is the remainder when 30 is divided by o?
14
Let q be (2/6)/((-3)/(-45)). Suppose -q*p - 12 = -32. What is the remainder when 5 is divided by p?
1
Let g be (-12)/10 - 5/(-25). What is the remainder when 53 is divided by (g - -28)/((-3)/(-2))?
17
Let h = -8 + 49. Calculate the remainder when 162 is divided by h.
39
Suppose 0 = -4*v + 2*o + 8, -o - 4*o + 28 = 2*v. Suppose 15 = 3*z - 3. What is the remainder when z is divided by v?
2
Let h = 5 - 2. Suppose b - h*d - 12 = 0, -4*d + 22 = 5*b - 0*b. Let t = 0 + b. What is the remainder when 11 is divided by t?
5
Suppose -3*a + 5*w = -42, 4*w + 23 = 3*a - 19. Calculate the remainder when a is divided by 8.
6
Let p = -164 - -168. Calculate the remainder when 19 is divided by p.
3
Suppose 2*s - 28 = -g, -2*g + 0*g = -5*s + 70. What is the remainder when 68 is divided by s?
12
Let o = 195 - 109. Calculate the remainder when o is divided by 45.
41
Calculate the remainder when 26 is divided by (0 + 14)*2/2.
12
Suppose 51 = 3*k + 15. Calculate the remainder when 58 is divided by k.
10
Suppose -p + 4*p - 15 = 0. Suppose -o = p, -28 = 4*s - 5*s + 3*o. What is the remainder when 64 is divided by s?
12
Suppose 5*k + 186 = 7*k. Calculate the remainder when k is divided by 24.
21
Let l(k) = -2*k - 2. Calculate the remainder when l(-2) is divided by 2.
0
What is the remainder when (-10)/(-15) - 24/9 - -25 is divided by 5?
3
Calculate the remainder when 0 + -1 + (-22)/(-2) is divided by (2/4)/((-3)/(-24)).
2
Let g = 2 + 8. What is the remainder when 59 is divided by g?
9
Let w be -3*2/(4/14). Let a = -4 - w. Calculate the remainder when a is divided by 6.
5
Let j(a) = a**2 + a. Let x be (4 - 10)*(-2)/12. Let l be j(x). Suppose -4*y + 14 = -l*y. Calculate the remainder when 12 is divided by y.
5
Suppose t = 4*g - 6, 0*t + 2*t + 5*g + 12 = 0. Let d(f) = -6*f - 9. Calculate the remainder when d(t) is divided by 4/4*(4 + 6).
7
Let g(c) be the second derivative of c**5/20 + 7*c**4/12 + 5*c**3/6 + 5*c**2/2 - 8*c. Calculate the remainder when g(-6) is divided by 7.
4
Let y be ((-6)/(-5))/(1/(-5)). Let l(z) = -z**3 - 6*z**2 - z + 2. What is the remainder when 14 is divided by l(y)?
6
Let z = 24 + -9. What is the remainder when 57 is divided by z?
12
Suppose -179 = -5*w + b, -34 = -2*w + w + 2*b. Suppose -p - 3*z + 21 + 15 = 0, -3*z = -2*p + w. Calculate the remainder when 46 is divided by p.
22
Suppose -5*y + 7*y - 88 = 0. What is the remainder when y is divided by 12?
8
Suppose 9*p - 1 = -1. Suppose t = -0*t + 2*q + 13, t + q - 1 = 0. Suppose -t*g + p = -65. Calculate the remainder when g is divided by 7.
6
Let n be -1*(-3)/((-6)/(-20)). What is the remainder when 2 is divided by (2/n)/((-2)